mmon divisor of 153 and 119?
17
Calculate the highest common divisor of 765 and 75.
15
Calculate the greatest common divisor of 1849 and 86.
43
What is the greatest common divisor of 80 and 540?
20
Calculate the highest common divisor of 153 and 45.
9
What is the highest common factor of 231 and 966?
21
What is the greatest common divisor of 4560 and 15?
15
What is the highest common divisor of 650 and 1600?
50
What is the highest common factor of 222 and 6?
6
Calculate the highest common factor of 4368 and 56.
56
What is the greatest common factor of 9 and 504?
9
What is the greatest common divisor of 1218 and 84?
42
What is the greatest common divisor of 44 and 286?
22
Calculate the highest common factor of 416 and 2184.
104
Calculate the greatest common factor of 30 and 205.
5
What is the highest common divisor of 430 and 10?
10
What is the greatest common factor of 1725 and 15?
15
Calculate the greatest common divisor of 11840 and 8.
8
Calculate the greatest common factor of 117 and 507.
39
What is the highest common factor of 138 and 31602?
138
Calculate the highest common divisor of 10092 and 174.
174
Calculate the highest common factor of 119 and 2448.
17
Calculate the highest common divisor of 1419 and 627.
33
Calculate the highest common factor of 209 and 22.
11
What is the greatest common factor of 225 and 150?
75
Calculate the highest common factor of 156 and 988.
52
Calculate the greatest common factor of 21 and 11067.
21
Calculate the greatest common divisor of 8 and 724.
4
What is the greatest common factor of 45 and 15507?
9
What is the highest common factor of 30440 and 40?
40
Calculate the highest common factor of 5022 and 62.
62
What is the greatest common divisor of 10 and 100?
10
What is the greatest common divisor of 4692 and 18?
6
What is the highest common factor of 6685 and 91?
7
Calculate the highest common divisor of 448 and 7.
7
Calculate the highest common divisor of 1107 and 9.
9
What is the highest common divisor of 19 and 1273?
19
What is the greatest common divisor of 36 and 5850?
18
What is the highest common factor of 104 and 182?
26
What is the highest common factor of 148 and 4?
4
Calculate the highest common divisor of 48 and 5232.
48
Calculate the highest common divisor of 1072 and 67.
67
What is the greatest common factor of 306 and 126?
18
Calculate the greatest common divisor of 304 and 352.
16
Calculate the highest common factor of 90 and 1170.
90
Calculate the greatest common divisor of 174 and 8062.
58
What is the highest common factor of 3564 and 660?
132
Calculate the greatest common divisor of 744 and 32.
8
Calculate the greatest common factor of 119 and 697.
17
Calculate the highest common factor of 1264 and 16.
16
Calculate the greatest common divisor of 291 and 9.
3
Calculate the highest common factor of 620 and 279.
31
Calculate the highest common factor of 1675 and 67.
67
What is the greatest common factor of 76 and 13262?
38
Calculate the greatest common factor of 6 and 30.
6
Calculate the greatest common divisor of 532 and 323.
19
What is the highest common divisor of 20 and 6310?
10
What is the highest common divisor of 221 and 39?
13
What is the highest common factor of 156 and 702?
78
Calculate the highest common divisor of 26827 and 278.
139
Calculate the highest common divisor of 32 and 1272.
8
What is the greatest common divisor of 3 and 40?
1
Calculate the highest common divisor of 214 and 107.
107
Calculate the greatest common factor of 252 and 196.
28
Calculate the greatest common factor of 4794 and 238.
34
Calculate the highest common factor of 16 and 272.
16
What is the greatest common factor of 399 and 684?
57
What is the greatest common factor of 209 and 11?
11
Calculate the highest common divisor of 2450 and 30.
10
Calculate the highest common divisor of 70 and 14.
14
Calculate the greatest common factor of 15 and 50.
5
Calculate the greatest common divisor of 78 and 273.
39
Calculate the highest common factor of 1650 and 286.
22
Calculate the greatest common factor of 58 and 4.
2
What is the highest common divisor of 15 and 3435?
15
Calculate the greatest common factor of 2144 and 1139.
67
What is the highest common divisor of 83 and 18?
1
What is the greatest common divisor of 6697 and 111?
37
What is the highest common factor of 1620 and 5?
5
What is the highest common divisor of 37 and 999?
37
Calculate the greatest common divisor of 745 and 180.
5
What is the greatest common factor of 15 and 3780?
15
Calculate the greatest common factor of 848 and 3.
1
Calculate the greatest common factor of 65 and 15.
5
Calculate the greatest common factor of 3122 and 182.
14
Calculate the greatest common divisor of 5624 and 608.
152
Calculate the highest common factor of 299 and 46.
23
What is the greatest common divisor of 936 and 1152?
72
What is the highest common factor of 45 and 855?
45
Calculate the highest common divisor of 108 and 36.
36
What is the highest common factor of 215 and 25?
5
What is the highest common divisor of 1955 and 115?
115
Calculate the highest common factor of 2091 and 615.
123
Calculate the greatest common factor of 5 and 1779.
1
Calculate the greatest common divisor of 713 and 93.
31
Calculate the greatest common divisor of 282 and 80652.
282
What is the greatest common factor of 221 and 26?
13
What is the greatest common divisor of 12 and 8992?
4
What is the greatest common divisor of 39 and 9?
3
Calculate the highest common divisor of 2310 and 15.
15
Calculate the highest common divisor of 165 and 60.
15
Calculate the highest common factor of 1183 and 338.
169
What is the highest common divisor of 755 and 7097?
151
What is the highest common factor of 110 and 380?
10
What is the greatest common factor of 173 and 88922?
173
Calculate the greatest common divisor of 90 and 252.
18
What is the highest common divisor of 204 and 3396?
12
What is the highest common divisor of 80 and 3728?
16
What is the highest common factor of 6 and 21?
3
Calculate the greatest common factor of 145 and 87.
29
Calculate the highest common factor of 75 and 75.
75
Calculate the greatest common divisor of 10 and 34610.
10
What is the greatest common factor of 38 and 304?
38
Calculate the highest common factor of 31768 and 16.
8
What is the highest common divisor of 133 and 38?
19
Calculate the highest common divisor of 1815 and 957.
33
What is the highest common divisor of 33 and 110?
11
What is the highest common divisor of 106 and 2?
2
Calculate the highest common factor of 2208 and 4278.
138
Calculate the greatest common divisor of 405 and 63.
9
What is the highest common divisor of 69 and 46?
23
Calculate the greatest common divisor of 1 and 971.
1
Calculate the greatest common divisor of 46 and 4.
2
What is the highest common divisor of 49 and 7399?
49
Calculate the highest common factor of 856 and 8.
8
What is the highest common factor of 117 and 247?
13
What is the highest common divisor of 316 and 16?
4
Calculate the highest common divisor of 11 and 1617.
11
What is the greatest common divisor of 1015 and 116?
29
What is the highest common factor of 882 and 112?
14
Calculate the greatest common factor of 6 and 968.
2
Calculate the highest common divisor of 72 and 40.
8
What is the highest common divisor of 1292 and 27455?
323
Calculate the greatest common divisor of 148 and 284.
4
What is the highest common factor of 14096 and 16?
16
Calculate the greatest common factor of 38 and 798.
38
What is the highest common divisor of 289 and 221?
17
What is the highest common factor of 2150 and 50?
50
What is the greatest common factor of 4945 and 3870?
215
What is the greatest common factor of 129 and 6?
3
Calculate the greatest common factor of 174 and 986.
58
Calculate the highest common divisor of 1184 and 851.
37
Calculate the highest common factor of 667 and 58.
29
Calculate the highest common factor of 210 and 1974.
42
Calculate the greatest common factor of 33 and 121.
11
Calculate the highest common factor of 53 and 1537.
53
What is the greatest common factor of 18 and 48?
6
What is the greatest common divisor of 81 and 1053?
81
What is the greatest common divisor of 2686 and 782?
34
Calculate the highest common factor of 420 and 30.
30
What is the greatest common div